**2. What is l(0)?
-4
Let m(o) = o**2 - 26*o + 14. Suppose -u = -2*j - 27, 5*u - 5*j - 96 - 29 = 0. Determine m(u).
-55
Let a(s) = -8*s + 179. Let y be a(-25). Let w = -371 + y. Let x(k) = -k**3 + 8*k**2 + k + 3. Calculate x(w).
11
Let s(m) = -m**3 - 8*m**2 + 7*m - 22. Let l = 60 + -61. Let v be 12/(4 - 8) + (l - 5). Let b be s(v). Let f(o) = -o**3 - 4*o**2 - 3*o - 4. Give f(b).
8
Let q(x) = x - 17. Suppose 0 = -m + 3*f + 39, -6*m = -11*m - f + 131. Determine q(m).
10
Let y(j) = 2*j**2 + 10*j + 2. Suppose 0 = 3*o - 2*z + 15, 9*o - 7*o + 5*z + 10 = 0. What is y(o)?
2
Let f(p) = -2*p - 9. Suppose -6 = -2*w + 3*i + 1, 5*w = 5*i + 25. Let s be 2*-1 + -16*(-4 - -3). Let x = w - s. Calculate f(x).
3
Let h(x) = 6*x. Let k(q) = 3*q - 12. Suppose 4*p + 66 - 6 = 4*l, 5*l + 4*p = 30. Let j be k(l). Suppose 21 - 3 = j*b. Determine h(b).
6
Let s(k) = -4*k**2 - 8814*k**3 + 5*k - 2 + 4409*k**3 - 9 + 4404*k**3. What is s(-5)?
-11
Let v(r) = r**2 - 5*r. Suppose -2*i - 3*i = -5. Let w(u) be the third derivative of u**5/30 + u**4/24 + 5*u**2. Let c be w(i). What is v(c)?
-6
Let w(s) = s**3 + 5*s**2 + 4*s. Let c(a) = 14 - a**2 + 34*a - 4*a - 36 - 36. Let y be c(27). Suppose -3*x + 14 - y = 0. Give w(x).
6
Let t(z) = -2*z**2 - 7*z - 4. Let o be (-60)/(-90) + 28/(-6). Let l be t(o). Let x(j) = -j**2 - 7*j + 1. What is x(l)?
-7
Let r(z) = -z**3 + 3*z**2 - 9*z + 52. Let q be r(4). Let h(v) = 0*v**2 + q*v**2 - v - 5 + v**2 + 0. Determine h(0).
-5
Suppose 2*d = 4*n - 26, 2*d = -3*n - 0*d + 2. Let i(x) = -60*x + 97*x + n - 38*x. What is i(-3)?
7
Let x(o) = 2*o**2 - 3*o + 4. Suppose 2*p - 840 = 2*b, 9*b - 1674 = 13*b + 2*p. Let v = b - -423. Calculate x(v).
24
Let n = -1019 - -1028. Let p(r) = -r**2 + 18*r + 10. What is p(n)?
91
Let r(o) be the first derivative of -13*o**2/2 + 9*o - 79. Give r(4).
-43
Let r(z) = 52*z**3 + 4*z + 3. Let g = 6437 + -6438. Calculate r(g).
-53
Suppose 4*r + o = 7 + 6, 4*r + 4*o = 28. Let h(u) = -2*u**3 - u**2 + 2*u + 2. Let k(x) = -3*x**3 + 3*x + 4. Let w(q) = -h(q) + k(q). What is w(r)?
0
Suppose 0*n = 2*n + 4. Let u(l) = 6*l - 84. Let p be u(15). Let y(s) = -3*s - p*s**3 + 2*s**3 + 3*s**3 + 3*s**2 + 4*s - 1. Calculate y(n).
17
Let n(m) = 94*m + 1228. Let w be n(-13). Let y = -5 - -8. Let d(z) = 0*z**3 - 6*z - 7 + 4*z**3 - 3*z**y - 5*z**2. Determine d(w).
-7
Let z(w) = -1 + 10*w**2 - 11*w**3 - 15*w**3 - w - 25*w**3 - 12*w**3 + 62*w**3. Let u(a) = -a**3 + a**2 + 10. Let b be u(0). What is z(b)?
-11
Let n be 14/8*(512 - 508). Let y(u) = -u**3 + 12*u**2 - 26*u + 16. What is y(n)?
79
Suppose 0 = -2*k - 16 + 2. Let f(j) = -3*j - 5. Let q(z) = -5*z - 11. Let t(n) = k*f(n) + 4*q(n). Calculate t(8).
-1
Let v = 64 - 59. Suppose -2 = -6*h + 7*h, v*p - 18 = -h. Let l(t) = -t + 4. What is l(p)?
0
Let s(t) = -t**2 + 2*t - 19. Let c = -4789 + 4793. Give s(c).
-27
Let u = 2 + 7. Let k(n) = -n**3 + 17*n**2 + n. Let a(v) = -5*v**3 + 94*v**2 - 2*v. Let x(s) = -a(s) + 6*k(s). Give x(u).
-9
Let k(c) = 7*c + 4. Let z be ((-22)/66 - (-4)/(-6))*-8. Suppose 21 = z*s - 3. What is k(s)?
25
Let t(v) = 5*v - 505*v**2 - 503*v**2 - 10 + 1009*v**2. Suppose 2*q + 26 - 12 = 0. Determine t(q).
4
Let u(v) be the third derivative of v**5/60 - 5*v**4/24 - 3*v**2. Let p = -40 + -329. Let b = p + 373. Calculate u(b).
-4
Let k(w) = 9 - 5*w + 3*w - w. Let y = 24 - -10. Suppose -4*z + y = 2*l - 0*z, l - 3*z = -8. Calculate k(l).
-12
Let c(k) = 3*k**2 - k + 2. Suppose 0*q - 16 = -4*q + 2*u, 0 = -2*q + 5*u + 8. Suppose -3*v + 7*v + q*m = 0, -3*m + 8 = -v. What is c(v)?
16
Let y(g) = g**3 - 6*g**2 + 5*g - 3. Let n(z) = 8*z - 88. Let s be n(13). Let q be (-1)/(-2) - (-40)/s. Determine y(q).
-15
Let r(z) = 3*z**2 - 5*z - 27. Let y be r(7). Let c(i) = 89 + i - 172 + y. Suppose 0 = 16*g - 24*g + 32. What is c(g)?
6
Let i(v) = 15 - 3336*v**2 + 3334*v**2 - 7 + 11*v - v**3. Give i(3).
-4
Let n(l) = 102*l + 308. Let w be n(-3). Let x(t) be the second derivative of -t**4/12 + 2*t**3/3 - t. Give x(w).
4
Let f(u) = 352 + 15*u - 366 - 5*u + 5*u**2. Calculate f(-6).
106
Let j(a) = a**2 + 22*a + 39. Let t be j(-2). Let u(k) = 3*k - 6. Let n be u(3). Let h(r) = -1 + r - 22*r**n + r**3 - 2*r. Determine h(t).
21
Let z be (1 + 0 - 0)/(2/8). Let i(b) = -8*b - 4 + z*b + b**2 - 2*b**2. Give i(-4).
-4
Let c(h) be the second derivative of 1/6*h**3 + 0 + 194*h - 1/2*h**2. What is c(-6)?
-7
Suppose 39 = -4*u + 159. Suppose -11*l + l + u = 0. Suppose -5*b = -p - 17, -3*b = l*p + b - 6. Let j(m) = -m**3 - m**2 - 2*m - 1. Give j(p).
7
Suppose 0 = n + 4*m + 16 - 34, -5*n - 4*m = -58. Let c(v) = 0 - 9*v + n*v - 1 + 1 + 3. Calculate c(-4).
-1
Let o(h) = -21*h - 41. Let z(n) = -27*n - 39. Let f(a) = -4*o(a) + 3*z(a). Calculate f(-19).
-10
Let s(q) = -27*q - 55. Let c(h) = -20*h - 37. Let m(r) = 9*c(r) - 7*s(r). Give m(-6).
-2
Suppose 0 = -3*h - 18 + 27. Let n(x) = 353 - h*x**2 + x**3 - x + 0*x - 349. Suppose 0 = -3*v + 2*q + q + 12, 0 = -q. What is n(v)?
16
Let o = 6548 - 6554. Let m(t) = 4*t + 12. Let n(a) = -3*a + 5*a + 1 + 5. Let i(k) = 2*m(k) - 5*n(k). Calculate i(o).
6
Let r = -7422 - -7424. Let g(k) = 2*k - 4. Determine g(r).
0
Let f(z) = -35*z + 237. Let j be f(7). Let n be 2/4*30/((-24)/j). Let b(a) = a**3 - 4*a**2 - a - 4. Give b(n).
16
Let p(b) = b**3 + b**2 - b + 5. Suppose 5*k = 3*m - 18, 4*m + 12 = 6*m - 5*k. Suppose -7*q = -5*q - 3*d - m, 3*q - 8 = 4*d. What is p(q)?
5
Let z(i) be the second derivative of 3/2*i**2 + 0 - 59*i + 1/6*i**3. Let m = -10 + 6. What is z(m)?
-1
Let h(n) = -162*n - 134. Let a(x) = 24*x + 19. Let v(t) = 41*a(t) + 6*h(t). Calculate v(5).
35
Let f(q) = q**3 + q**2 - 41*q + 4. Suppose 60*x - 56*x = -i - 19, -26 = 2*i + 4*x. Let s be f(i). Let m(a) = a**2 + 2*a - 6. Give m(s).
-3
Let k(y) be the second derivative of -y**4/24 - y**3 + 64*y**2 + 5*y + 1. Let w(m) be the first derivative of k(m). Calculate w(-9).
3
Let n(c) = -4*c**3 - 10*c**2 + 18. Let t(a) = -5*a**3 - 12*a**2 + a + 21. Let q(p) = 6*n(p) - 5*t(p). Calculate q(2).
1
Let s(d) = -7*d + 3 - 15*d - 8*d + 31*d + 15*d**2. Let a(j) = 3*j**2 + 2*j**2 + j + 2 + 9*j**2. Let r(w) = 3*a(w) - 2*s(w). Give r(-1).
11
Suppose -6 = 184*a - 183*a. Let c(y) = 9 + 33*y**2 + 30*y**2 + 4*y - y**3 - 69*y**2. Calculate c(a).
-15
Let p be (-10)/((-300)/18) + (-37)/(-5). Let a(v) = 15*v**2 + v**2 - 8*v - 7*v**2 + 1 - p*v**2 - 2*v**2. Give a(-8).
1
Let b(r) = r + 24. Let c be b(18). Suppose 8*a + 10 = c. Let k(u) = 0*u**2 + 0 + a + 5*u**2 - u**3. What is k(5)?
4
Let s(i) = i**2 - 7*i + 3. Let b(o) be the second derivative of -o**4/6 + 13*o**3/6 - 7*o**2/2 + 35*o. Let g(m) = -6*b(m) - 13*s(m). Give g(13).
3
Let r(c) be the third derivative of -4/3*c**3 + 0*c + 30 - 1/24*c**4 + c**2. Let u be -1*3 + -2 + -1. Give r(u).
-2
Let y = -6453 - -6450. Let f(d) = -2*d**3 - 5*d**2 + 3*d. Determine f(y).
0
Suppose 2 = -u + a, -3*u + u - 16 = 2*a. Let q(n) = -n**2 - 5*n + 1. Let x be q(u). Suppose -x = z - 6. Let d(s) = 2*s - 3. Give d(z).
7
Let x(i) = -31 - 12063*i - 3*i**2 + 5989*i + 6043*i. What is x(-9)?
5
Let r(l) = l**3 + 10*l**2 - 11*l + 11. Let v be 9 - 5 - (20 + -5). Determine r(v).
11
Let d(g) = -g + 22. Suppose -y - 16 = 5*f, -f - f - 5*y + 12 = 0. Let r(x) = -x + 28. Let i(t) = f*r(t) + 5*d(t). Calculate i(-3).
1
Let c be (9/(-15) - -1) + 6/(-15). Let t(n) = 1703*n - 1706*n - 6 + c. What is t(-4)?
6
Let j(t) = -t**3 + 25*t**2 - 49*t + 24. Let u be j(26). Let c be u/(-15) + (-8)/20. Let m = c - 134. Let p(q) = -q**2 - 4*q + 4. Determine p(m).
-8
Let k(b) = b**3 - 10*b**2 - 13*b - 1. Let d(u) = 8*u - 101. Let v(f) = f**3 + 11*f**2 - 3*f - 19. Let l be v(-11). Let c be d(l). Give k(c).
-23
Let b(m) = 4*m**3 + m + 2 + 2*m**2 - m**2 - 3*m**3. Let r(q) be the first derivative of -3*q**4/4 - q**3 - q**2/2 + q - 57. Let f be r(-1). What is b(f)?
16
Let f(o) = 4*o + 2. Let b be (-3)/(-2 - -1)*1. Let j = 100 + -98. Suppose -5*r = -n - 22, -8 = -0*n - j*n - b*r. What is f(n)?
-6
Let c(m) = 0*m - m**2 + 3*m - 2 + 3*m. Let y = 103 + -91. Suppose -47*w = -y*w - 175. Calculate c(w).
3
Let y(v) = -52*v**2 + 65*v + 416. Let p(w) = 23*w**2 - 32*w - 206. Let k(l) = -9*p(l) - 4*y(l). Give k(-16).
-2
Suppose 5*z = -16*o + 91, -12*z + 65 = -8*z + 5*o. Let j(w) be the second derivative of -z*w - 1/6*w**3 + w**2 + 0. Give j(4).
-2
Let m(r) = 9*r - 54. Let z be m(6).